rime factors of 17785810.
2, 5, 7, 254083
What are the prime factors of 73267828?
2, 18316957
List the prime factors of 3934295685.
3, 5, 3571, 8161
List the prime factors of 504525520.
2, 5, 59, 139, 769
What are the prime factors of 104428531?
947, 110273
What are the prime factors of 42997672?
2, 23, 233683
What are the prime factors of 63656636?
2, 17, 936127
List the prime factors of 65381804.
2, 16345451
List the prime factors of 44947335.
3, 5, 2996489
What are the prime factors of 2353539558?
2, 3, 392256593
What are the prime factors of 4564150078?
2, 193, 1151, 10273
List the prime factors of 4264718.
2, 2132359
What are the prime factors of 761372542?
2, 7, 23, 41, 101, 571
What are the prime factors of 2899320625?
5, 439, 10567
List the prime factors of 1101315616.
2, 79, 435647
List the prime factors of 3745008454.
2, 11, 3659, 46523
List the prime factors of 175568603.
7, 101, 167, 1487
What are the prime factors of 24643878?
2, 3, 7, 61, 9619
List the prime factors of 27168765.
3, 5, 13, 19, 7333
List the prime factors of 2513519257.
197, 12758981
What are the prime factors of 1005788070?
2, 3, 5, 7, 532163
What are the prime factors of 26786330?
2, 5, 89, 30097
What are the prime factors of 320694066?
2, 3, 7, 11, 47, 547
What are the prime factors of 211429199?
223, 239, 3967
List the prime factors of 267699878.
2, 193, 693523
What are the prime factors of 67861544?
2, 1621, 5233
List the prime factors of 17137745.
5, 151, 22699
What are the prime factors of 75556?
2, 13, 1453
List the prime factors of 231404472.
2, 3, 13, 23, 3583
List the prime factors of 147971306.
2, 7, 10569379
What are the prime factors of 89108484?
2, 3, 7425707
List the prime factors of 16803838.
2, 8401919
What are the prime factors of 1286281533?
3, 131, 1483, 2207
What are the prime factors of 4909671?
3, 13, 29, 1447
List the prime factors of 5402763456.
2, 3, 383, 73471
List the prime factors of 54116720.
2, 5, 7, 41, 2357
List the prime factors of 56974221.
3, 167, 37907
List the prime factors of 256665947.
23, 101, 313, 353
What are the prime factors of 80895270?
2, 3, 5, 71, 163, 233
What are the prime factors of 1286152240?
2, 5, 16076903
What are the prime factors of 25862217?
3, 8620739
List the prime factors of 7306383526.
2, 13, 281014751
What are the prime factors of 1500760673?
43, 34901411
What are the prime factors of 59419208?
2, 2389, 3109
What are the prime factors of 391276516?
2, 67, 461, 3167
What are the prime factors of 150440500?
2, 5, 7, 53, 811
What are the prime factors of 3904228504?
2, 11, 89, 498497
List the prime factors of 34131712.
2, 133327
List the prime factors of 133096199.
631, 210929
What are the prime factors of 162289403?
23, 7056061
List the prime factors of 1477170510.
2, 3, 5, 61, 807197
List the prime factors of 194993991.
3, 41, 317, 1667
What are the prime factors of 102364102?
2, 1033, 49547
What are the prime factors of 80612132?
2, 20153033
What are the prime factors of 880881044?
2, 17, 12954133
List the prime factors of 232000582.
2, 11, 37, 257, 1109
What are the prime factors of 1827115842?
2, 3, 701, 434407
List the prime factors of 7680131.
7680131
List the prime factors of 77503822.
2, 11, 3522901
What are the prime factors of 36797334?
2, 3, 7, 47, 2663
List the prime factors of 1745385345.
3, 5, 11, 337, 10463
List the prime factors of 886500450.
2, 3, 5, 11, 67
List the prime factors of 2966514487.
29, 43, 2378921
What are the prime factors of 120495592?
2, 7, 17, 47, 2693
What are the prime factors of 3888300187?
59, 65903393
What are the prime factors of 1945773?
3, 103, 2099
What are the prime factors of 2169112494?
2, 3, 37, 211, 46307
List the prime factors of 286973742.
2, 3, 11, 1283, 3389
What are the prime factors of 16877019?
3, 5625673
List the prime factors of 861956439.
3, 79, 3636947
What are the prime factors of 614728103?
11, 337, 165829
List the prime factors of 1089823691.
11, 43, 997, 2311
What are the prime factors of 12204076?
2, 23, 109, 1217
List the prime factors of 1029671452.
2, 23, 349, 32069
List the prime factors of 71068685.
5, 419, 33923
List the prime factors of 43207651.
29, 421, 3539
What are the prime factors of 2326304545?
5, 631, 737339
List the prime factors of 39562726.
2, 7, 79, 35771
What are the prime factors of 1434275169?
3, 2141, 223303
List the prime factors of 510177967.
13, 101, 283, 1373
What are the prime factors of 194112425?
5, 13, 597269
List the prime factors of 153779587.
13, 23, 514313
What are the prime factors of 223696651?
31, 2039, 3539
What are the prime factors of 163398507?
3, 101, 539269
What are the prime factors of 16998752?
2, 479, 1109
List the prime factors of 2283382271.
191, 62591
What are the prime factors of 48894246?
2, 3, 905449
What are the prime factors of 652223815?
5, 5657, 23059
What are the prime factors of 1501329805?
5, 6317, 47533
List the prime factors of 141900098.
2, 41, 347, 4987
What are the prime factors of 949109030?
2, 5, 23, 4126561
What are the prime factors of 1495896176?
2, 8539, 10949
What are the prime factors of 76136945?
5, 47, 323987
What are the prime factors of 390624660?
2, 3, 5, 723379
List the prime factors of 35052337.
73, 480169
What are the prime factors of 381914957?
381914957
What are the prime factors of 58733438?
2, 59, 497741
List the prime factors of 472577334.
2, 3, 78762889
List the prime factors of 18053120.
2, 5, 41, 43
What are the prime factors of 5624913187?
21391, 262957
What are the prime factors of 1354361525?
5, 11, 17, 211, 1373
List the prime factors of 454043348.
2, 11, 41, 293, 859
What are the prime factors of 143785110?
2, 3, 5, 7, 97813
List the prime factors of 3243327956.
2, 11, 389, 189491
List the prime factors of 11964741.
3, 3988247
What are the prime factors of 1558008050?
2, 5, 31160161
What are the prime factors of 25564197?
3, 41, 307, 677
List the prime factors of 550003024.
2, 43, 47, 73, 233
What are the prime factors of 372201836?
2, 47, 643, 3079
List the prime factors of 37687103.
31, 647, 1879
What are the prime factors of 47118160?
2, 5, 588977
What are the prime factors of 725749344?
2, 3, 83, 97, 313
What are the prime factors of 220215857?
43, 571, 8969
What are the prime factors of 228144959?
7, 127, 353, 727
List the prime factors of 3115047613.
23159, 134507
What are the prime factors of 1502688297?
3, 11, 293, 155413
What are the prime factors of 66026296?
2, 7, 103, 11447
List the prime factors of 367701915.
3, 5, 7, 47, 74509
List the prime factors of 6049008557.
211, 28668287
What are the prime factors of 1059324801?
3, 1699, 207833
List the prime factors of 2354737342.
2, 15383, 76537
List the prime factors of 1092537377.
103, 10607159
What are the prime factors of 2334591728?
2, 7, 20844569
What are the prime factors of 47817850?
2, 5, 956357
What are the prime factors of 724286250?
2, 3, 5, 64381
List the prime factors of 725844839.
599, 1211761
What are the prime factors of 365114808?
2, 3, 277, 18307
What are the prime factors of 205671836?
2, 2917, 17627
List the prime factors of 489965400.
2, 3, 5, 272203
What are the prime factors of 1632959382?
2, 3, 23, 11833039
What are the prime factors of 36090650?
2, 5, 61, 11833
What are the prime factors of 91789179?
3, 397, 77069
List the prime factors of 1091559627.
3, 7639, 15877
What are the prime factors of 588793458?
2, 3, 11, 307, 29059
List the prime factors of 686832412.
2, 7, 1753, 1999
List the prime factors of 58581924.
2, 3, 4881827
What are the prime factors of 59721047?
19, 89, 35317
What are the prime factors of 3046790?
2, 5, 547, 557
List the prime factors of 36946856.
2, 4618357
List the prime factors of 5888732835.
3, 5, 392582189
What are the prime factors of 257612632?
2, 293, 109903
List the prime factors of 114555974.
2, 13, 29, 31
List the prime factors of 138268512.
2, 3, 160033
List the prime factors of 1474462134.
2, 3, 81914563
What are the prime factors of 917882338?
2, 269, 827, 2063
What are the prime factors of 108400922?
2, 7, 7742923
What are the prime factors of 36334673?
179, 202987
List the prime factors of 319773615.
3, 5, 7, 113, 26951
List the prime factors of 431290311.
3, 1279, 112403
What are the prime factors of 287157758?
2, 143578879